{"id":3907,"date":"2025-12-06T16:54:08","date_gmt":"2025-12-06T14:54:08","guid":{"rendered":"https:\/\/www.ponipuoti.fi\/?post_type=product&#038;p=3907"},"modified":"2026-02-10T18:21:45","modified_gmt":"2026-02-10T16:21:45","slug":"kuulakarkikyna-logolla","status":"publish","type":"product","link":"https:\/\/www.ponipuoti.fi\/?product=kuulakarkikyna-logolla","title":{"rendered":"Kuulak\u00e4rkikyn\u00e4 logolla"},"content":{"rendered":"","protected":false},"excerpt":{"rendered":"<p>Kyn\u00e4 ohuella k\u00e4rjell\u00e4. Todella hyv\u00e4 kirjoittamisessa.<\/p>\n","protected":false},"featured_media":3908,"comment_status":"closed","ping_status":"closed","template":"","meta":[],"product_brand":[],"product_cat":[149,9,60,64],"product_tag":[],"class_list":{"0":"post-3907","1":"product","2":"type-product","3":"status-publish","4":"has-post-thumbnail","6":"product_cat-kirjetoimitus","7":"product_cat-muut-kerhotuotteet","8":"product_cat-uncategorized","9":"product_cat-uutuudet","10":"product_shipping_class-kirje","12":"first","13":"instock","14":"shipping-taxable","15":"purchasable","16":"product-type-simple"},"_links":{"self":[{"href":"https:\/\/www.ponipuoti.fi\/index.php?rest_route=\/wp\/v2\/product\/3907","targetHints":{"allow":["GET"]}}],"collection":[{"href":"https:\/\/www.ponipuoti.fi\/index.php?rest_route=\/wp\/v2\/product"}],"about":[{"href":"https:\/\/www.ponipuoti.fi\/index.php?rest_route=\/wp\/v2\/types\/product"}],"replies":[{"embeddable":true,"href":"https:\/\/www.ponipuoti.fi\/index.php?rest_route=%2Fwp%2Fv2%2Fcomments&post=3907"}],"wp:featuredmedia":[{"embeddable":true,"href":"https:\/\/www.ponipuoti.fi\/index.php?rest_route=\/wp\/v2\/media\/3908"}],"wp:attachment":[{"href":"https:\/\/www.ponipuoti.fi\/index.php?rest_route=%2Fwp%2Fv2%2Fmedia&parent=3907"}],"wp:term":[{"taxonomy":"product_brand","embeddable":true,"href":"https:\/\/www.ponipuoti.fi\/index.php?rest_route=%2Fwp%2Fv2%2Fproduct_brand&post=3907"},{"taxonomy":"product_cat","embeddable":true,"href":"https:\/\/www.ponipuoti.fi\/index.php?rest_route=%2Fwp%2Fv2%2Fproduct_cat&post=3907"},{"taxonomy":"product_tag","embeddable":true,"href":"https:\/\/www.ponipuoti.fi\/index.php?rest_route=%2Fwp%2Fv2%2Fproduct_tag&post=3907"}],"curies":[{"name":"wp","href":"https:\/\/api.w.org\/{rel}","templated":true}]}}